) = j + 2 - 2*j - 2*j. Let n be a(-6). What is the greatest common divisor of 140 and n?
20
Suppose -920 = -2*x - 6*x. Calculate the highest common factor of x and 23.
23
Suppose -y - 4*t = -144, 2*t = 5*y + 3*t - 644. What is the highest common factor of 16 and y?
16
Suppose -u = -q + 72 + 83, 2*u = q - 156. Let g(s) = -s**3 - 7*s**2 - 2*s. Let h be g(-7). Calculate the greatest common divisor of q and h.
14
Let h(x) = x**3 - 3*x**2 + 3*x. Let z be h(2). Suppose -10*n = -2*n - 64. Calculate the greatest common divisor of z and n.
2
Let c(h) be the second derivative of h + 0 - 3/2*h**2 - 2/3*h**3. Let b be c(-3). Calculate the highest common factor of 45 and b.
9
Let k = 61 - 25. Suppose q + 4*q + 5*n = -25, -2*n = 5*q + 10. Suppose 3*p - 6 - 6 = q. Calculate the highest common divisor of k and p.
4
Let h = -22 + 17. Let l(r) = -r**3 - 6*r**2 - 6*r + 3. Let j be l(h). Let p be -16*(1/2 - 1). Calculate the greatest common factor of p and j.
8
Let z(o) = 6*o**2 + o**3 + 9*o - 8 - 2*o + 3*o**2. Let u be z(-8). Let g be 5*(u + 8/5). What is the highest common divisor of g and 8?
8
Let u be 2 + (218 - 0/(-3)). Calculate the highest common divisor of u and 20.
20
Let r be (-5)/(-10) - (-42)/(-4). Let i(y) = y**2 + 10*y + 4. Let u be i(r). Let x be ((-156)/(-15))/(u/10). What is the highest common divisor of 65 and x?
13
Let g be (-5 - 0)*2/5. Let s be -8*45/12*g. Suppose -5*k - 20 = -0*u - 3*u, 4*u - 4*k - 40 = 0. Calculate the greatest common factor of s and u.
15
Let l(p) = 47*p**2. Let a be l(-1). Suppose -d + 16 = -a. Calculate the greatest common factor of d and 7.
7
Let b(j) = j + 12. Let z be 1/3 - 4/12. Let t be b(z). Calculate the greatest common divisor of 4 and t.
4
Let u(p) = -p**2 - 10*p - 13. Let k(q) = 3*q**2 + 30*q + 38. Let o(m) = -6*k(m) - 17*u(m). Let v be o(-8). What is the greatest common factor of 18 and v?
9
Suppose 0 = -w + 8*w - 910. What is the highest common divisor of 26 and w?
26
Let k be (162/(-2))/(-5 - -4). What is the greatest common divisor of k and 27?
27
Let k = 4 - -2. Let m = -2 - -14. Let z = m + 0. Calculate the highest common factor of k and z.
6
Suppose -4*o + 128 + 352 = 0. Suppose -2*m - d = -6*m + 48, 12 = m + d. Calculate the greatest common factor of m and o.
12
Let t = 207 - 812. Let f be (t/20)/(1/(-4)). What is the greatest common factor of 11 and f?
11
Let g(s) = -s**2 + 2. Let p be g(0). Let m be 2 - (4/(-5) - (-3)/(-15)). Calculate the highest common divisor of m and p.
1
Let o be 3 + (-3692)/(-12) + 4/(-6). What is the greatest common factor of 10 and o?
10
Let q(g) = 36*g**2 - 2*g + 1. Let i be q(1). Calculate the greatest common divisor of 385 and i.
35
Suppose -2*c = -5*c + 36. Suppose 22 = 2*i - 2*t, 3*i + 5*t - 63 = -22. Calculate the highest common factor of c and i.
12
Suppose -5*b - 1 + 21 = 4*y, b = -5*y - 17. Suppose -3*u = -3*i - 27, -2*u = 4*i - 4 - b. Calculate the greatest common factor of 4 and u.
4
Let t(d) = 8*d**2 + 3*d + 2. Let r be t(-2). Let a(f) = 3*f**2 - 5. Let g be a(-5). Calculate the greatest common factor of r and g.
14
Let l = -79 - -199. Calculate the highest common divisor of l and 48.
24
Suppose -1 = 4*p - 5*n - 0, -3*p - 5*n = -8. What is the greatest common factor of p and 8?
1
Let z be 63/(2 - -1)*3. Calculate the greatest common divisor of 9 and z.
9
Let i(x) = -x**2 + 6*x + 1. Let u be i(3). Calculate the highest common divisor of 90 and u.
10
Let j = 0 - -8. Calculate the highest common factor of 20 and j.
4
Suppose n = 5, n + n - 7 = -q. Let f be 2/q - 24/(-9). Let p = f - -22. Calculate the highest common factor of 36 and p.
12
Let r(z) = -2*z**2 + 5*z + 4. Let q(h) = h + 1. Let t(m) = 5*q(m) - r(m). Let x = -3 + 6. Let g be t(x). Calculate the highest common divisor of g and 171.
19
Suppose 0 = -4*h - 2 + 14. Suppose 4*p = -2*i + 4 - 14, h*i + 3*p = -6. Calculate the greatest common factor of 8 and i.
1
Suppose 25 = 3*w + 2*w. Suppose -4*c + 21 = -4*v + 1, 5*v = -3*c + 7. Suppose h = 2*j, j - 5*j + c = 0. Calculate the highest common divisor of h and w.
1
Suppose 27 = 3*b + 3*k, -5*k = -b - 2*k - 7. Suppose 0*j = -b*j + 10. Suppose -j*o = o - 27. Calculate the greatest common divisor of 27 and o.
9
Let m(o) = -o**3 + o**2 - o + 14. Suppose -4*i = i. Let n be m(i). Suppose 0 = -3*c, 0 = -5*j - 0*j + 2*c + 35. What is the highest common factor of n and j?
7
Suppose i + 0 = 18. Let h = 32 + -32. Suppose 3*q + 174 = l - h*l, 0 = l - 5*q - 182. Calculate the greatest common divisor of l and i.
18
Let v be 12 + (1 - (1 - 0)). Suppose -5*d = -2*d + v. Let u be 6/(1*-3)*d. What is the greatest common factor of 4 and u?
4
Let z = -14 - -44. Suppose 4*l - 150 = 2*l. Calculate the greatest common divisor of z and l.
15
Let f(n) = -n + 1 + 1 + 0 + 1. Let c be f(3). Suppose 3*k - 69 - 444 = c. What is the highest common divisor of k and 19?
19
Suppose -5*y - 13 = -38. Let n be y - (3 - 6)/3. What is the greatest common divisor of 48 and n?
6
Suppose 0 = -3*y + 4*k + 67, -3*k + 4 = -k. Let o = y - 0. Calculate the greatest common divisor of 25 and o.
25
Let d be 1 - 1*(0 + -2). Suppose d*i - 26 = 4. What is the greatest common factor of 30 and i?
10
Let n = 193 - 83. Let m be ((-3)/(-2))/(3/(-8)). Let j be m/(-18) + 88/9. Calculate the greatest common factor of n and j.
10
Let t be -7 - (1 + 0)*-1. Let z(w) = w + 3. Let b be z(t). Let j be 78 - (1 - (b - -1)). What is the greatest common divisor of j and 30?
15
Suppose 2*r + o - 7 = -3, 4*r - 4 = -4*o. Let x(z) = z**2 + z + 2. Let w be x(r). Calculate the greatest common factor of 14 and w.
14
Let l = -7 + 11. Suppose 29 = l*b - 35. Calculate the highest common divisor of b and 2.
2
Suppose 4*m - 646 = 3*y, 5*m + y - 796 = -y. Calculate the greatest common factor of 20 and m.
20
Let v be (-6)/24 - (-106)/8. What is the greatest common divisor of 78 and v?
13
Let c(a) = a**3 + 22*a**2 - 22*a + 27. Let b be c(-23). Calculate the greatest common divisor of 14 and b.
2
Let v be (-2)/6 - 8/3. Suppose 0 = 3*z + z - 12. Let u be v*z/(-4)*8. What is the highest common divisor of u and 9?
9
Let z(x) = x - 9. Let w be z(12). Let y be -2*(-15)/6 - w. What is the greatest common divisor of y and 18?
2
Suppose -95 = r - 6*r. Let k(l) = -2*l**3 - 9*l**2 + l - 1. Let h be k(-5). What is the greatest common factor of r and h?
19
Let g(l) = 62*l**2 + l. Let k be (1 + 1)*1 + -1. Let z be g(k). Let i be (-112)/(-14) - 2/2. What is the greatest common divisor of z and i?
7
Suppose l + d - 125 = -2*l, -2*d - 70 = -2*l. Suppose 6*u - u = 10. Suppose u*j - 2*t = 14, t + 4*t = -2*j. Calculate the greatest common factor of l and j.
5
Let s be 7 + (1 - (4 + -5)). Calculate the greatest common divisor of s and 63.
9
Let m(a) = a**2 + 8*a - 8. Let y be m(-10). Suppose 3 = 4*p - 5. Suppose p*i - 71 = 1. Calculate the greatest common divisor of y and i.
12
Let d = 5 - -5. Suppose 2*l - d = -7*x + 3*x, -x - 10 = 3*l. Suppose x = m - 6. What is the greatest common factor of 22 and m?
11
Suppose i + 1 - 3 = 0. Suppose 2*z + i - 66 = 0. What is the highest common factor of 4 and z?
4
Let o be (28/(-6))/(6/(-9)). Suppose z = 1 + o. Calculate the highest common factor of 8 and z.
8
Let t be ((-27)/(-3))/(-3) + 83. What is the highest common divisor of t and 16?
16
Suppose 4*g + 8 = -4*q, -8 = -3*q + 3*g + 16. Suppose 2*u - 425 = -q*u. What is the greatest common factor of u and 17?
17
Let r(q) = -q - 9. Let b be r(-7). Let t(k) = k**2 - k - 1. Let z be t(b). Calculate the greatest common divisor of 45 and z.
5
Suppose 3 = 5*h - 2. Let j be (-11 + 23)*h/2. Calculate the highest common factor of 6 and j.
6
Let k be ((-12)/(-8)*-2)/(-1). Let l(u) = -328*u**3 + 2*u + 1. Let z be l(-1). Suppose 6 = -k*n, n - 5 = 5*d - z. What is the highest common factor of 8 and d?
8
Let f(i) be the first derivative of i**4/4 + 7*i**3/3 + 3*i**2 + 4*i - 2. Let l be f(-6). Calculate the highest common divisor of 2 and l.
2
Suppose -y + a = -25, a + 150 = 5*y + 45. What is the greatest common factor of 140 and y?
20
Let f be (9 - 2) + 9/(-3). What is the highest common divisor of 4 and f?
4
Let k = 117 + -81. What is the greatest common divisor of k and 324?
36
Let o be (6 + 48)*(-3)/(-2). What is the highest common divisor of 27 and o?
27
Let b = -3 - 2. Let g(x) = x**2 +